{"id":133,"date":"2021-01-19T19:34:51","date_gmt":"2021-01-19T19:34:51","guid":{"rendered":"https:\/\/landvilla-studio.de\/?page_id=133"},"modified":"2021-01-31T17:15:23","modified_gmt":"2021-01-31T17:15:23","slug":"oeljb","status":"publish","type":"page","link":"https:\/\/landvilla-studio.de\/","title":{"rendered":"LANDVILLA:sound&#038;music"},"content":{"rendered":"\n<p id=\"Anfang\">Wir sind ein kleines, pers\u00f6nliches Audio-Produktionsstudio in der Mitte Bayerns. <\/p>\n\n\n\n<p class=\"has-normal-font-size\">Bei uns sind Sie genau richtig, wenn ein gro\u00dfes Studio f\u00fcr Sie (noch) nicht in Frage kommt oder Sie vielleicht noch nicht so recht wissen, wie das eigentlich mit dem Recording und dem Mixing so geht&#8230;.<br>Vielleicht sind Sie sich auch noch nicht sicher, ob und wie es mit Ihrem Musik- oder Sprachprojekt weitergehen soll&#8230;.<\/p>\n\n\n\n<p>Lassen Sie sich von unseren Seiten inspirieren, denn <strong>Ihre<\/strong> Ideen und Ihre Kreativit\u00e4t wollen wir unterst\u00fctzen&#8230;..<\/p>\n\n\n\n<p>Sie finden <strong>auf dieser Seite<\/strong> eine \u00dcbersicht unserer <a href=\"#LandvillaStudio\" data-type=\"internal\" data-id=\"#LandvillaStudio\">THEMEN<\/a><br>Infos zu unserer Arbeit finden Sie auf der Seite <a href=\"https:\/\/landvilla-studio.de\/?page_id=173\" data-type=\"page\" data-id=\"173\">PROJEKTE &amp; PARTNER<\/a><br>Unsere Kontaktdaten finden Sie auf der Seite <a href=\"https:\/\/landvilla-studio.de\/?page_id=106\" data-type=\"page\" data-id=\"106\">KONTAKT<\/a><br><br><\/p>\n\n\n\n<h2 class=\"has-text-color has-medium-font-size wp-block-heading\" id=\"LandvillaStudio\" style=\"color:#366e87\"><strong>Landvilla Studio<\/strong><\/h2>\n\n\n\n<ul class=\"wp-block-list\"><li>Tonstudio f\u00fcr Musik- und Sprachaufnahmen<br>&#8211; Akustisch berechnet und gestaltet<br>&#8211; Variable Akustik f\u00fcr viele Anforderungen<br>&#8211; F\u00fcr Sprecher, Solo K\u00fcnstler*innen und kleine Bands<br><br><\/li><\/ul>\n\n\n\n<h2 class=\"has-text-color has-medium-font-size wp-block-heading\" id=\"LandvillaAudio\" style=\"color:#366e87\"><strong>Landvilla Audio<\/strong><\/h2>\n\n\n\n<ul class=\"wp-block-list\" id=\"block-a8201e1d-b5cf-4366-a620-4047a0112d84\"><li>Audio Produktionen vom Konzept bis zum fertigen Produkt, Ihrem Projektziel entsprechend, beispielsweise:<br>&#8211; Gesamtabwicklung der Produktion bis zur fertigen Audiodatei oder CD<br>&#8211; Formalit\u00e4ten wie GEMA-Abwicklung<br>&#8211; Grafikerstellung<\/li><li>Mobile Aufnahmetechnik f\u00fcr Projekte ausserhalb des Studios, z.B.<br>&#8211; Chor<br>&#8211; Aufnahmen mit Live-Akustik<br>&#8211; Hintergrundger\u00e4usche<\/li><li>Hochwertige technische Ausstattung digital und analog<\/li><li>Music Label<br><br><\/li><\/ul>\n\n\n\n<h2 class=\"has-text-color has-medium-font-size wp-block-heading\" style=\"color:#366e87\">Dienstleistung<\/h2>\n\n\n\n<ul class=\"wp-block-list\" id=\"block-a8201e1d-b5cf-4366-a620-4047a0112d84\"><li>Sprecher<br>&#8211; auch in Oberbayerischem Dialekt<\/li><li>Audiobearbeitung<br>&#8211; Videoton <br>&#8211; Kundenaufnahmen<\/li><li>Tontr\u00e4ger- Digitalisierung<br>&#8211; Schallplatten<\/li><li>Individuelle Einf\u00fchrung in LogicPro X<br><br><\/li><\/ul>\n\n\n\n<h2 class=\"has-text-color has-medium-font-size wp-block-heading\" style=\"color:#366e87\">Wir sind gespannt auf Ihre kreativen Ideen! <\/h2>\n\n\n\n<p>Bitte setzen Sie sich mit uns in Verbindung, wir erstellen zu Ihrem Projekt ein unverbindliches Angebot.<br>Hier die Kontaktdaten: <br>Telefon: 0151 17782327 <br>E-Mail: office(at)landvilla.de<\/p>\n","protected":false},"excerpt":{"rendered":"<p>Wir sind ein kleines, pers\u00f6nliches Audio-Produktionsstudio in der Mitte Bayerns. [&hellip;]<\/p>\n","protected":false},"author":1,"featured_media":0,"parent":0,"menu_order":0,"comment_status":"closed","ping_status":"closed","template":"","meta":{"footnotes":""},"class_list":["post-133","page","type-page","status-publish","hentry"],"_links":{"self":[{"href":"https:\/\/landvilla-studio.de\/index.php?rest_route=\/wp\/v2\/pages\/133","targetHints":{"allow":["GET"]}}],"collection":[{"href":"https:\/\/landvilla-studio.de\/index.php?rest_route=\/wp\/v2\/pages"}],"about":[{"href":"https:\/\/landvilla-studio.de\/index.php?rest_route=\/wp\/v2\/types\/page"}],"author":[{"embeddable":true,"href":"https:\/\/landvilla-studio.de\/index.php?rest_route=\/wp\/v2\/users\/1"}],"replies":[{"embeddable":true,"href":"https:\/\/landvilla-studio.de\/index.php?rest_route=%2Fwp%2Fv2%2Fcomments&post=133"}],"version-history":[{"count":34,"href":"https:\/\/landvilla-studio.de\/index.php?rest_route=\/wp\/v2\/pages\/133\/revisions"}],"predecessor-version":[{"id":271,"href":"https:\/\/landvilla-studio.de\/index.php?rest_route=\/wp\/v2\/pages\/133\/revisions\/271"}],"wp:attachment":[{"href":"https:\/\/landvilla-studio.de\/index.php?rest_route=%2Fwp%2Fv2%2Fmedia&parent=133"}],"curies":[{"name":"wp","href":"https:\/\/api.w.org\/{rel}","templated":true}]}}